 be k(-4). What is the greatest common factor of g and z?
2
Let k = -7 + 12. Let j(t) = -t**3 + 4*t**2 + 6*t - 3. Let g be j(k). What is the highest common factor of g and 8?
2
Let p = -13 + 12. Let j = 1 - p. Let v be 27/12 - 1/4. Calculate the greatest common factor of v and j.
2
Let z be 1 + 655/(3/3). Suppose 4*g - z = p, -g - 2*p = -5*g + 652. Calculate the highest common divisor of g and 15.
15
Suppose -2*b = -3*u, b + 0*u = -u. Suppose b*w + 5*w - 110 = 0. What is the highest common divisor of 11 and w?
11
Let d = 40 - 12. Calculate the highest common divisor of d and 7.
7
Suppose 2*r - 3 - 3 = 0. Suppose 0 = -2*c + 2*k + 2, 0 = r*c - k - 3*k. What is the highest common factor of 2 and c?
2
Let a be 628 - 2/(-4)*0. Suppose 4*z - a = 252. Suppose 18*k - 11*k = 140. What is the highest common factor of z and k?
20
Let o(w) = 6*w**2 - 2 - 1 - w**2 + w**3. Let j be o(-3). Suppose -5*y + j = -2*y. What is the greatest common divisor of y and 20?
5
Suppose g - 44 = 313. What is the highest common factor of g and 51?
51
Let t be (3 + -2)*(-16)/(-2). Let a(v) = -13*v + 1. Let g be a(5). Let q = -24 - g. What is the greatest common factor of t and q?
8
Suppose 5*h = -2 - 3. Let z = h + 8. Suppose 0 = 3*j + 4*d - 119, -2*j + z*d = 2*d - 110. Calculate the highest common factor of j and 9.
9
Let i = -7 - -85. Let n be 0/(-1)*(0 - -1). Suppose n = -3*t + 2*q + i, -3*q = -4*t - 2*q + 99. What is the greatest common factor of t and 12?
12
Suppose -a - 7*a = -1080. What is the greatest common divisor of a and 45?
45
Suppose 2*m - 7 = 1. Suppose b - m = -b. Suppose 3*w - 16 = -l + 15, 0 = 3*w + b*l - 35. What is the greatest common divisor of w and 9?
9
Let x = 9 + -2. Suppose -20 = -6*g + g. Suppose -g*f + 105 = f. Calculate the highest common divisor of f and x.
7
Suppose 8*x - 440 = -3*x. Suppose g = 6*g - 80. Calculate the greatest common factor of x and g.
8
Let k(s) = s**2 - 6*s + 4. Let a be k(6). Calculate the highest common divisor of a and 16.
4
Suppose f + 4 = 2*h, f = -f - 4*h - 8. Let g be f/6 + 60/9. What is the greatest common factor of 6 and g?
6
Suppose 0 = -r - r + 6. Suppose 2*f - 3*h = 16 + r, 0 = -5*h - 15. Calculate the highest common factor of f and 10.
5
Let l(x) = -x**3 - 7*x**2 - 10*x - 7. Let r = 18 - 25. Let j be l(r). Let s = j + -11. What is the greatest common divisor of s and 13?
13
Let v = 6 - 4. Let x be (v/(-3))/(2/(-24)). Let w be (-2 - (-186)/2) + 9 + -12. Calculate the highest common factor of x and w.
8
Suppose -90 - 5 = 5*a. Let p = 31 + a. Calculate the greatest common factor of p and 108.
12
Suppose k + 2*k - 54 = 0. Let r = -157 - -184. What is the greatest common factor of r and k?
9
Suppose 3*z + 4 - 13 = 0. Let p be (-1)/(32/11 - z). Calculate the greatest common divisor of p and 88.
11
Let f = -26 + 91. Suppose f = 3*s - 82. Calculate the greatest common divisor of s and 7.
7
Let p(c) = -c**2 - 9*c. Let n be p(-7). Suppose -w + 18 + 126 = 2*o, 4*o = 3*w + 268. What is the highest common factor of n and o?
14
Let a(j) = 6*j + 24. Let c be a(6). Calculate the highest common factor of 12 and c.
12
Let k(v) = -v**2 - 2*v + 2. Let a be k(-2). Let w be 3/(-5 + a)*-11. Calculate the greatest common factor of w and 77.
11
Let n be 4/(-70)*-5 + (-2451)/(-21). What is the greatest common divisor of 13 and n?
13
Suppose k - 5 = 2. Let b(h) = 11*h + 2. Let o be b(3). Calculate the highest common divisor of o and k.
7
Let p = 3 - 3. Let o be (-14 + p)*2/(-4). Calculate the greatest common factor of o and 28.
7
Suppose 3*c - 230 = -50. Let a be (-1 - (2 - 1)) + -35. Let p = a + 61. Calculate the greatest common divisor of c and p.
12
Let y be (-4)/14 - (2148/(-21) + -2). What is the highest common factor of y and 13?
13
Suppose -o - 63 = -4*o. Suppose 66 = 5*j + f - 8, -3*j + 50 = 2*f. Let y = -7 + j. Calculate the highest common divisor of y and o.
7
Suppose -2*n + 1050 = 3*c, 0 = -8*n + 3*n - 2*c + 2647. Calculate the highest common divisor of 59 and n.
59
Let g = 87 + -73. Calculate the greatest common factor of g and 21.
7
Let c = 7 + 7. Suppose -5*p - 4 = 4*r - 5*r, -4*p - 3*r = -12. Suppose 5*y - 630 = -p*y. Calculate the greatest common divisor of y and c.
14
Let c = -80 - -85. Calculate the highest common divisor of c and 1.
1
Suppose -o + 4 = o + 5*y, 5*o = -5*y - 5. Let m = 12 - o. Calculate the greatest common factor of 5 and m.
5
Suppose k = 4 - 1. Let v be (-1)/(k/(18/(-3))). Suppose -v*s = -s - 56. Calculate the greatest common divisor of s and 7.
7
Let t be 1/((-66)/68 + 1). Suppose 5*w - 49 = 36. What is the greatest common divisor of w and t?
17
Let d be 28 + -7 + (0 - (-4)/(-2)). Let b be (57/12)/((-1)/(-4)). Calculate the greatest common divisor of d and b.
19
Let c = -3 + 8. Let l(g) = -5 - c*g**3 - 3*g**2 - g - 2*g + 4*g**3. Let t be l(-4). What is the greatest common factor of t and 92?
23
Let l = 54 + -33. Let h = l + 9. What is the greatest common divisor of 5 and h?
5
Suppose -7 - 5 = -2*a. What is the greatest common factor of a and 42?
6
Let s be (-4)/6 - 2/6. Let d be (2/4)/(s/(-12)). Suppose -2*o - 4*v + 44 = 0, 0 = -4*o - 2*v + 88 + d. What is the greatest common factor of o and 8?
8
Let d be 4/(-6)*(-78)/4. Let z = -10 + d. Let k be ((-45)/(-6) - z)*4. What is the highest common divisor of k and 18?
18
Suppose -z - z = 4*y + 2, 4*z = y - 13. Suppose y = 3*d - 167. What is the highest common factor of 28 and d?
28
Suppose 0 = -5*v - 2*j + 825, 3*v - 512 + 17 = 5*j. What is the highest common factor of v and 15?
15
Let t(y) = y**2 - 5*y. Let z be t(-6). Let b be 4/(-6) + 57/(-9). Let r be -2 + 3 + (-2 - b). What is the greatest common factor of z and r?
6
Let p = -11 - -17. Suppose -d - 2*d = 0. Let f be (d - -1)/(2/p). What is the greatest common divisor of 27 and f?
3
Suppose -5*i - 21 = -6. Let q be 4/i*(-312)/16. Calculate the greatest common factor of q and 13.
13
Let i(g) = g**2 + 3*g + 5. Let o be i(5). Calculate the highest common divisor of o and 5.
5
Suppose 7*g - 4*g - 609 = 0. Let v = 244 + -140. Let u = g - v. Calculate the greatest common divisor of 9 and u.
9
Let d(a) = 2*a**2 + 9*a + 9. Suppose -3 = p + 3. Let j be d(p). Suppose 3*g = -3*v + j, v + 27 = 2*g - 0*v. What is the greatest common factor of g and 84?
12
Let d(h) = h**2 - 3*h - 4. Let f be d(4). Let s be 1 - 1 - (f + 1). Let j be 7 - (s - 0 - 0). What is the highest common factor of 32 and j?
8
Let h(p) = 2*p**2 + 9*p + 7. Let j be h(-8). Calculate the greatest common divisor of j and 42.
21
Let n(f) = -24*f + 6. Let q be n(3). Let g be 2 + -1 + q/(-6). Suppose h - 2*h + 96 = 0. What is the highest common divisor of h and g?
12
Suppose 2*s - 149 = 5*g, 4*g - 389 = -9*s + 4*s. Let a be (1 + 2 - 2)/((-2)/(-22)). What is the greatest common factor of s and a?
11
Suppose 2*y + 9 = 5*h + 3, -h = -y. Let i = -4 - -5. Suppose -y*w + i = -13. What is the greatest common factor of 28 and w?
7
Let f(i) = 20*i - 6. Let y be f(3). What is the greatest common factor of 36 and y?
18
Let m = 84 + -39. What is the highest common divisor of 9 and m?
9
Suppose 0 = -7*m + 2*m + 20, 2*r - 4*m - 14 = 0. Let j be -30*(-1 + -3 + 0). What is the highest common factor of j and r?
15
Let h be 2 - 2 - 0 - -15. Let i be 2 + -1 + 57 + 2. What is the highest common divisor of h and i?
15
Suppose 0 = -5*c + 4*d + 89, -3*c + 17 = d - 50. Calculate the greatest common divisor of 7 and c.
7
Let m(n) = n**2 + 10*n + 1. Let t be m(-11). What is the greatest common factor of t and 8?
4
Let d be ((-18)/15)/(3/(-10)). Suppose -3*n - 6 - 26 = -d*q, 0 = -2*q - 2*n + 2. What is the greatest common factor of q and 5?
5
Let a(v) = -2*v. Let b = -7 + 6. Let n be a(b). What is the greatest common divisor of n and 2?
2
Let r be ((-4)/6)/(4/(-42)). Let f = -4 + r. Suppose 5*b = f*w - 22, 5*b - 4 - 2 = -4*w. Calculate the highest common factor of w and 12.
4
Let r(i) = 12*i**2 - 2*i - 2. Let l be r(2). Suppose -5*s = -l - 63. Suppose -4*a + 7*a = 693. Calculate the greatest common divisor of s and a.
21
Let p(s) = -s + 8. Let u be p(7). Let i(v) = 43*v**2 - 2*v + 1. Let t be i(u). What is the greatest common factor of t and 7?
7
Let q = -4 - -4. Suppose q = -0*g - 5*g + 480. What is the highest common divisor of 12 and g?
12
Let r be 0/1 - 16/(-2). Suppose -3